)/((-14)/o)?
48
Suppose 12*i - 8*i = 2*f + 18, 3*i + 3*f - 18 = 0. Suppose -i*x - 5 = -30. What is the remainder when 11 is divided by x?
1
Suppose -4*r - 2*n = -56, 5*r - 3*n + 1 = 71. Let l = -11 + r. Calculate the remainder when 11 is divided by l.
2
Let g(n) = -11*n - 235. Let v be g(-22). Suppose -v*w + 38*w - 11191 = 0. Calculate the remainder when w is divided by 11.
9
Let w = 7658 - 1247. Calculate the remainder when w is divided by 30.
21
Let c = 81 - 76. Let l(x) = x**2 + 5*x - 5. Let o be l(c). Let b = -24 + o. What is the remainder when b is divided by 11?
10
Let s(h) = 2*h + 42. Suppose 0 = 8*n - 133 - 35. Suppose 0 = -2*j - 0*d + 5*d + 20, j = -3*d + n. Calculate the remainder when s(0) is divided by j.
12
Let z(b) = 10*b**2 + 5*b + 158. Calculate the remainder when z(13) is divided by 58.
57
Suppose -7*i + 146 = -6*i + 2*a, -4*i + 568 = 4*a. Let y = 144 - i. Calculate the remainder when 19 is divided by y.
1
Let n(h) = -173*h - 16. Let l be n(-2). Suppose 18*k = 12*k + l. What is the remainder when k is divided by 12?
7
Suppose 0 = -3*n - r + 2027, 0 = -39*n + 42*n + 11*r - 2077. What is the remainder when n is divided by 19?
9
Suppose 0 = 5*j - w - 626 - 58, -4*j + 545 = -3*w. Let d = j - 124. Calculate the remainder when 25 is divided by d.
12
Let y = -142 + 141. Calculate the remainder when (y/3)/(2/(-1830)) is divided by 44.
41
Let d = 380 - 269. Calculate the remainder when 523 is divided by d.
79
Suppose -5*p = -4*i + 301, 3*i + i = -3*p + 325. Let u = i - 76. Suppose -29 = u*w - 4*w + 5*s, 4*w - 5*s = 56. What is the remainder when 25 is divided by w?
7
Suppose 0 = -7*o + 16 + 26. Let t = -2858 + 2864. What is the remainder when t is divided by o?
0
Suppose 11*t - 379 = 655. Suppose -6*d + 14 + t = 0. Calculate the remainder when 35 is divided by d.
17
Let c(i) = -3*i**2 - 6*i - 2. Let x be c(-2). Suppose 2*b + 2*q - 28 = 0, 32 = b + 4*q + 6. Calculate the remainder when 791/21 + x/(-6) is divided by b.
8
Let h(o) = -o**3 - 13*o**2 - 57*o + 59. Calculate the remainder when h(-9) is divided by 101.
46
Let r = -145 - -447. Calculate the remainder when 561 is divided by r.
259
Let y(s) = 8*s - 25. Suppose 3*i + 215 = 8*i. Suppose 3*j = -c + 11, 0 = 5*c + 4*j - j - i. What is the remainder when y(c) is divided by 21?
18
Suppose -458*v + 9853 = 447*v - 846*v. What is the remainder when v is divided by 74?
19
Let s be (-117 - 6)*-3 - 0/(-1). Let t = s + -347. Calculate the remainder when 61 is divided by t.
17
Let k = -6 + 54. Suppose z - 2*f + 23 = 3*f, 0 = 2*z - 3*f + 11. Suppose 1 - 28 = -3*y + z*l, -2*l = y - 1. Calculate the remainder when k is divided by y.
6
Let g(f) = -18*f + f**2 + 72*f - 40*f + 29. Let i = 74 - 50. What is the remainder when i is divided by g(-2)?
4
Let k(c) = c**3 + 14*c**2 + 12*c - 29. Suppose -7*z + 29 = 92. Calculate the remainder when k(z) is divided by 5.
3
Let d(h) = -h**3 - 17*h**2 + 65*h + 1110. Suppose -24 = 3*k - 3*b - 183, 5*k - 292 = -4*b. Calculate the remainder when k is divided by d(-17).
1
Calculate the remainder when ((-85)/255)/(3/(-29430)) is divided by 182.
176
Let s(a) = a**2 - 9*a. Let g be s(10). Suppose -g*l - 682 = -1912. Calculate the remainder when l is divided by 30.
3
Let i = 4229 + -4020. Calculate the remainder when i is divided by 14.
13
Let v(m) = 2*m**3 - 43*m**2 - 10*m - 239. What is the remainder when 3007 is divided by v(22)?
7
What is the remainder when 57 is divided by (-5 - -14)*((-17)/(-3) + 6/9)?
0
Let u(o) be the first derivative of o**4/2 - 8*o**3/3 + 2*o**2 - 129. Calculate the remainder when 32 is divided by u(4).
0
Suppose x = 2*l - 28*x + 59, 4*l + x = 59. What is the remainder when 28293 is divided by l?
13
Let u = 3177 - 2872. What is the remainder when u is divided by 34?
33
Let g(f) = -f**3 + 5*f**2 + 11. Let l be g(5). Suppose o + 16 = -6*c + c, o = 4*c + l. Calculate the remainder when 6 is divided by 4 - 0*o/2.
2
Let g = 394 + -254. Suppose 670 = 9*v - g. Suppose -3*q + v = 3*q. Calculate the remainder when 58 is divided by q.
13
Let w be -3 - ((-1141)/9 + 10/135*-3). Let b(f) = 2*f**2 + 2*f - 1. Let t be b(-2). Suppose -t*p + w - 67 = 0. Calculate the remainder when 54 is divided by p.
16
Let d(y) = -2*y**2 - 4*y + 5. Let a be d(2). Let p = a - -20. Suppose 5*r - p*r = -16. What is the remainder when 11 is divided by r?
3
Let g = 5577 + -5364. What is the remainder when g is divided by 5?
3
Suppose 0 = 30*d - 128*d + 29106. Calculate the remainder when d is divided by 12.
9
Suppose 0 = -5*d - 5, 3351 = 4*i + 5*d. Suppose 2*c + i = 1601. What is the remainder when c is divided by 39?
30
Let g be -1*5/1 - 59777/(-113). Let d = g + -496. What is the remainder when 108 is divided by d?
24
Let o = 55 - 65. Let f be (-8)/20 + 1246/o. Let k = -110 - f. Calculate the remainder when 27 is divided by k.
12
Let a(w) = -w**2 - 2*w**2 - 3*w**2 + 4*w**2 + 21 + 31*w. Let o be a(14). Let t = 109 - o. Calculate the remainder when t is divided by 16.
14
Let t be 8/(4/(-1)) - -177. Let v = 1 + 10. Suppose 0 = -v*d + t + 34. What is the remainder when d is divided by 10?
9
Let x(o) = o + 9. Let l be x(-4). Let f be (51 + -2)*(-3)/(-3). Suppose -65 = -4*h - 5*z, l*h + z - 27 = f. Calculate the remainder when h is divided by 6.
3
Let w = -6288 - -6355. Calculate the remainder when w is divided by 30.
7
Let b = -360 + 381. Suppose -26*v + 195 = -b*v. What is the remainder when v is divided by 10?
9
Let h(x) = -2*x - 4. Let b(l) = -2*l + 12. Let f be b(4). Suppose 3*t = -0*s + 5*s + 66, f*s - 22 = -t. What is the remainder when t is divided by h(-6)?
6
Let m = 520 + -511. Suppose -31*d + 3674 = -m*d. Calculate the remainder when d is divided by 56.
55
Suppose -5*n + 187 = -4*n. Calculate the remainder when n is divided by (-9*(-8)/108)/((-2)/(-189)).
61
Suppose 2*v = 5*z - 317, 13*z - 199 = 10*z - v. Calculate the remainder when 127 is divided by z.
62
Suppose -4*j = -2*s - 286, 3*j + 4*s + 222 = 6*j. Let i = -34 + j. Calculate the remainder when 16 is divided by i/(-2)*(-15)/30.
7
Let f(a) = 39*a**2 + 41*a + 147. Calculate the remainder when 1827 is divided by f(-4).
6
Let u(j) = -31*j - 472. Let r(z) = 10*z + 159. Let l(d) = -11*r(d) - 4*u(d). Calculate the remainder when 151 is divided by l(-8).
16
Suppose -w - 71 = -i + 3*w, 5*i + 4*w = 379. Let f = 146 + -77. Suppose -58 = z - f. What is the remainder when i is divided by z?
9
Let y be (-1 - -6) + -8 + (1 - -12). Suppose y*d - 1183 = 1337. What is the remainder when d is divided by 15?
12
What is the remainder when (25092/(-820))/((-1)/((-75)/(-9))) is divided by 40?
15
Let k = -7383 - -7953. What is the remainder when k is divided by 77?
31
Let s(i) = 13*i**2 + 11*i - 58. What is the remainder when s(4) is divided by 30?
14
Let o be ((-4)/6)/(5 + 183/(-36)). Let a(w) = 10*w - 3. Let v be a(o). Let z = v - 60. Calculate the remainder when z is divided by 7.
3
Let b(k) = -314*k - 23627. Let z = 221 + -107. Suppose -z = -3*f + 6. Calculate the remainder when b(-76) is divided by f.
37
Let f(o) = -o**3 - 3*o**2 - 5*o - 4. Let a be f(-6). Suppose -a = -4*g + 18. Let w = 6252 - 6244. What is the remainder when g is divided by w?
6
Suppose -3*q = -2*t - 7, 4*q = -4*t - 0*t + 16. Let k be -68 + -4 + (-2 - (q + -3)). Calculate the remainder when 182 is divided by ((-5)/10)/(1/k).
34
Let m(r) = r - 1. Let w be m(5). Suppose 9*b = -w + 157. Let k = -5 + b. Calculate the remainder when 56 is divided by k.
8
Suppose -z - 15704 = -29*z + 33576. What is the remainder when z is divided by 111?
95
Suppose -z = -3*o - 1650, 3*z - 4970 = -220*o + 225*o. What is the remainder when z is divided by 285?
240
Suppose -4*n + 1 + 0 = 5*i, 5 = -5*n. Calculate the remainder when i/(-1) - -146 - 5 is divided by 36.
32
Let n = 495 - 715. Let f = n - -555. Suppose -3*u + 170 = 3*t - 1, 5*t = 5*u - f. What is the remainder when u is divided by 22?
18
Let o(h) = 9*h - 27*h - 4 - 8*h. Let g be o(5). Let f = 201 + g. What is the remainder when f is divided by 14?
11
Suppose 10*w + 11 = -39. What is the remainder when 37 is divided by w/25 - 3/(-15)*101?
17
Suppose -u - 2*j - 818 = -4*u, -3*j - 3 = 0. Calculate the remainder when u is divided by ((-5)/(-4))/(10/500*45/18).
22
Suppose -3*u = -20*u. Suppose -22*h + 2*k = -23*h + 27, u = -h + 2*k